{"id":107,"date":"2025-03-25T17:14:41","date_gmt":"2025-03-25T16:14:41","guid":{"rendered":"http:\/\/troisdeuxun.fr\/?page_id=107"},"modified":"2025-03-25T17:45:39","modified_gmt":"2025-03-25T16:45:39","slug":"mentions-legales","status":"publish","type":"page","link":"http:\/\/troisdeuxun.fr\/?page_id=107","title":{"rendered":"Mentions l\u00e9gales"},"content":{"rendered":"\n<p><strong>TROIS DEUX UN <br><\/strong>Soci\u00e9t\u00e9 par actions simplifi\u00e9e au capital de 1 000 euros<br>Si\u00e8ge social : 122 RUE AMELOT 75011 PARIS<br>915 223 648 RCS PARIS<\/p>\n\n\n\n<p><strong>Contact : <\/strong>troisdeuxunprod@gmail.com<\/p>\n\n\n\n<p><strong>Pr\u00e9sident et directeur de la publication : <\/strong>Julien Cernobori<\/p>\n\n\n\n<p><strong>H\u00e9bergement du site : <\/strong><br>SAS OVH &#8211; https:\/\/www.ovh.com\/<br>2 rue Kellermann<br>BP 80157<br>59100 Roubaix<\/p>\n\n\n\n<p><strong>H\u00e9bergement podcasts :<br><\/strong>Audiomeans SAS<br>16 Rue Gay-Lussac<br>75005 Paris<br><\/p>\n\n\n\n<p><\/p>\n\n\n\n<p><\/p>\n\n\n\n<p><\/p>\n\n\n\n<p><\/p>\n","protected":false},"excerpt":{"rendered":"<p>TROIS DEUX UN Soci\u00e9t\u00e9 par actions simplifi\u00e9e au capital de 1 000 eurosSi\u00e8ge social : 122 RUE AMELOT 75011 PARIS915 223 648 RCS PARIS Contact : troisdeuxunprod@gmail.com Pr\u00e9sident et directeur [&hellip;]<\/p>\n","protected":false},"author":1,"featured_media":0,"parent":0,"menu_order":0,"comment_status":"closed","ping_status":"closed","template":"","meta":{"footnotes":""},"class_list":["post-107","page","type-page","status-publish","hentry"],"_links":{"self":[{"href":"http:\/\/troisdeuxun.fr\/index.php?rest_route=\/wp\/v2\/pages\/107","targetHints":{"allow":["GET"]}}],"collection":[{"href":"http:\/\/troisdeuxun.fr\/index.php?rest_route=\/wp\/v2\/pages"}],"about":[{"href":"http:\/\/troisdeuxun.fr\/index.php?rest_route=\/wp\/v2\/types\/page"}],"author":[{"embeddable":true,"href":"http:\/\/troisdeuxun.fr\/index.php?rest_route=\/wp\/v2\/users\/1"}],"replies":[{"embeddable":true,"href":"http:\/\/troisdeuxun.fr\/index.php?rest_route=%2Fwp%2Fv2%2Fcomments&post=107"}],"version-history":[{"count":5,"href":"http:\/\/troisdeuxun.fr\/index.php?rest_route=\/wp\/v2\/pages\/107\/revisions"}],"predecessor-version":[{"id":114,"href":"http:\/\/troisdeuxun.fr\/index.php?rest_route=\/wp\/v2\/pages\/107\/revisions\/114"}],"wp:attachment":[{"href":"http:\/\/troisdeuxun.fr\/index.php?rest_route=%2Fwp%2Fv2%2Fmedia&parent=107"}],"curies":[{"name":"wp","href":"https:\/\/api.w.org\/{rel}","templated":true}]}}