{"id":75,"date":"2025-03-25T16:00:55","date_gmt":"2025-03-25T15:00:55","guid":{"rendered":"http:\/\/troisdeuxun.fr\/?page_id=75"},"modified":"2025-03-25T17:00:31","modified_gmt":"2025-03-25T16:00:31","slug":"superheros","status":"publish","type":"page","link":"http:\/\/troisdeuxun.fr\/?page_id=75","title":{"rendered":"Superh\u00e9ros"},"content":{"rendered":"\n<figure class=\"wp-block-image size-large is-resized\"><img loading=\"lazy\" decoding=\"async\" width=\"1024\" height=\"1024\" src=\"http:\/\/troisdeuxun.fr\/wp-content\/uploads\/2025\/03\/\u2022-LOGO-1400-1024x1024.jpg\" alt=\"\" class=\"wp-image-62\" style=\"width:417px;height:auto\" srcset=\"http:\/\/troisdeuxun.fr\/wp-content\/uploads\/2025\/03\/\u2022-LOGO-1400-1024x1024.jpg 1024w, http:\/\/troisdeuxun.fr\/wp-content\/uploads\/2025\/03\/\u2022-LOGO-1400-300x300.jpg 300w, http:\/\/troisdeuxun.fr\/wp-content\/uploads\/2025\/03\/\u2022-LOGO-1400-150x150.jpg 150w, http:\/\/troisdeuxun.fr\/wp-content\/uploads\/2025\/03\/\u2022-LOGO-1400-768x768.jpg 768w, http:\/\/troisdeuxun.fr\/wp-content\/uploads\/2025\/03\/\u2022-LOGO-1400-410x410.jpg 410w, http:\/\/troisdeuxun.fr\/wp-content\/uploads\/2025\/03\/\u2022-LOGO-1400.jpg 1400w\" sizes=\"auto, (max-width: 1024px) 100vw, 1024px\" \/><\/figure>\n\n\n\n<p>Histoires extraordinaires de gens ordinaires racont\u00e9es au micro de Julien Cernobori. Des r\u00e9cits au long cours incarn\u00e9s, sensibles, sinc\u00e8res et spontan\u00e9s pour prendre le temps d\u2019\u00e9couter d\u2019autres vies que la sienne. <\/p>\n\n\n\n<p>Une s\u00e9rie produite et r\u00e9alis\u00e9e par Julien Cernobori.<\/p>\n\n\n\n<p>Prix du meilleur podcast documentaire au Paris Podcast Festival.&nbsp;<\/p>\n\n\n\n<iframe loading=\"lazy\" \n    style=\"margin: auto; min-width: 320px; border: 0;\" \n    src=\"https:\/\/player.audiomeans.fr\/player-v2\/superheros-114c25591e1e\/episodes\/359dbb03-b88c-4195-b0b1-9e490788eed2?mp=1&#038;leadin=1&#038;download=0&#038;std=0&#038;vert=0&#038;playlist=1&#038;color=7d7d7d&#038;theme=light\" \n    width=\"80%\"\n    height=\"480px\"\n    allow=\"autoplay\">\n<\/iframe>\n\n","protected":false},"excerpt":{"rendered":"<p>Histoires extraordinaires de gens ordinaires racont\u00e9es au micro de Julien Cernobori. Des r\u00e9cits au long cours incarn\u00e9s, sensibles, sinc\u00e8res et spontan\u00e9s pour prendre le temps d\u2019\u00e9couter d\u2019autres vies que la [&hellip;]<\/p>\n","protected":false},"author":1,"featured_media":0,"parent":0,"menu_order":0,"comment_status":"closed","ping_status":"closed","template":"","meta":{"footnotes":""},"class_list":["post-75","page","type-page","status-publish","hentry"],"_links":{"self":[{"href":"http:\/\/troisdeuxun.fr\/index.php?rest_route=\/wp\/v2\/pages\/75","targetHints":{"allow":["GET"]}}],"collection":[{"href":"http:\/\/troisdeuxun.fr\/index.php?rest_route=\/wp\/v2\/pages"}],"about":[{"href":"http:\/\/troisdeuxun.fr\/index.php?rest_route=\/wp\/v2\/types\/page"}],"author":[{"embeddable":true,"href":"http:\/\/troisdeuxun.fr\/index.php?rest_route=\/wp\/v2\/users\/1"}],"replies":[{"embeddable":true,"href":"http:\/\/troisdeuxun.fr\/index.php?rest_route=%2Fwp%2Fv2%2Fcomments&post=75"}],"version-history":[{"count":6,"href":"http:\/\/troisdeuxun.fr\/index.php?rest_route=\/wp\/v2\/pages\/75\/revisions"}],"predecessor-version":[{"id":105,"href":"http:\/\/troisdeuxun.fr\/index.php?rest_route=\/wp\/v2\/pages\/75\/revisions\/105"}],"wp:attachment":[{"href":"http:\/\/troisdeuxun.fr\/index.php?rest_route=%2Fwp%2Fv2%2Fmedia&parent=75"}],"curies":[{"name":"wp","href":"https:\/\/api.w.org\/{rel}","templated":true}]}}